e j/(-50)*10/4. Suppose -3*x - 2*x = 3*i - 1475, -w*i - 1180 = -4*x. Is x composite?
True
Let x(g) = g + 27. Let q be x(-12). Suppose -12*s + q = -15*s. Let t(m) = -2*m**3 - 7*m**2 + 3*m + 14. Is t(s) composite?
True
Suppose 2*k + 4*m = -0*k, 0 = -5*k - 2*m. Suppose -5*n = -k*n + 5*w - 29735, -5*n + w + 29729 = 0. Suppose 2*r - n = -0*r. Is r composite?
True
Let s be 12/8*12050/15. Suppose -6*n + 27049 + s = 0. Is n a prime number?
False
Let r(v) = -v**3 + 331. Let o be r(0). Let d(k) = k**3 - 29*k**2 - 25*k - 99. Let z be d(30). Let g = o + z. Is g prime?
False
Suppose 16*t = 6 - 70. Let w(d) = 79*d**2 + 47*d - 3. Is w(t) a composite number?
True
Let u(t) be the first derivative of -28*t**3/3 + 2*t**2 - 17*t + 50. Let g(f) = 27*f**2 - 5*f + 17. Let a(s) = -4*g(s) - 5*u(s). Is a(9) prime?
True
Suppose -12*w + 7*w + 22 = 3*p, -3*p = -4*w - 4. Suppose 0 = -n - w*g + 2352, -5*n + 3566 = g - 8221. Is (n/4)/((-12)/(-16)) + -1 composite?
True
Suppose 0 = 38*c + 73315 - 966429. Is c composite?
True
Let a = -36 - -40. Let n be 6/a - (-680)/(-16). Let h = n - -292. Is h a composite number?
False
Suppose -27 = -5*p - 2. Is 2454 + p/(-5) - (-8 + 8) prime?
False
Is 25779380/264 - 2/(9 - -3) prime?
True
Let u(m) = 195*m**2 + 8. Is u(-3) a prime number?
False
Suppose -f = -0*f - x - 77, -85 = -f + 5*x. Suppose u + 9 = 2*s - 6, -4*s = 3*u + f. Is (14/u)/((-2)/(-3)) - -308 a prime number?
True
Suppose -3*s + 3 = 0, -2*s = 111*w - 107*w - 1129782. Is w composite?
True
Suppose 11*j + 36 = -30. Is j*(77495/30)/(-11) prime?
True
Let j = -11 + 0. Is (-14705)/j - (-6)/33 a prime number?
False
Let v(p) = -3*p - 2. Let i be v(-8). Suppose 5*a - i*a + 209372 = 0. Suppose -2*g - a = -6*g. Is g a prime number?
True
Let w be (-7596)/(-396) + 4/(-22). Suppose -542203 = -0*b - w*b. Is b composite?
False
Suppose 0 = 4*y - u - 1 - 7, 3*y + 5*u - 6 = 0. Let a(i) = 706*i**2 - 5. Is a(y) composite?
False
Let q(s) = -s**2 + 11*s + 27. Let u be q(13). Let a be 21348/84 + u/(-7). Is 1/(0 - (-2)/a) a composite number?
False
Suppose -110*j + 686779 + 66047 = -104*j. Is j a composite number?
False
Let v be 2 + 4 + (-3 - 0). Let b(i) = -8*i + 157. Let s be b(19). Suppose p - 1 = v*k + 1, -48 = -3*p - s*k. Is p a composite number?
False
Let t = -70 - -59. Let z(i) = i**3 + 12*i**2 + 11*i - 9. Let u be z(t). Is 3/5 - u/(225/33910) a composite number?
True
Let n(f) = 5*f - 92*f - 50*f + 18*f - 10. Let m be n(5). Let c = 1146 + m. Is c composite?
False
Let r = 21316 - -6787. Suppose -4*y + r = 3*c + 7892, -4*c - y = -26948. Is c a prime number?
True
Let l(d) = -1833*d**3 + 2*d**2 + 2*d + 1. Let m be l(-1). Suppose 12*p - 17*p - 20 = 0, -2*c + 5*p + m = 0. Is c a composite number?
False
Let x(o) = 100*o**2 + 2*o + 5. Let p be x(-2). Suppose -3*k - 9 = 0, -5*k - p = -5*a - 3*k. Is a a prime number?
True
Let r = 739 - 1459. Let c = r + 1011. Is c a composite number?
True
Suppose 6*m + 4309 = 24595. Suppose 0*j = j. Suppose -4*f = -16, j*f - m = -5*i + f. Is i prime?
True
Let o be (-51)/(-6)*(60 - 0). Suppose -1544 = -2*c + 982. Let d = c - o. Is d a composite number?
True
Is 48/32*(-2 + 0) + 4856 a composite number?
True
Suppose 6*c = -3*c + 135. Suppose 11*p + 1271 = c*p + r, 4*p = r + 1281. Is p prime?
False
Suppose 8*g - 148 = -348. Let c = g - -5. Is (-1)/(-5) - 11616/c a prime number?
False
Suppose -2*u = -4, 4*u - 219696 = -d - 37785. Is d composite?
False
Let t = -2316 - -6415. Let z = t - 2276. Is z a prime number?
True
Suppose -q - 22*n + 24*n + 38851 = 0, q - 38863 = -n. Is q a composite number?
True
Let q(d) = -50744*d - 877. Is q(-4) a prime number?
True
Suppose 0 = 832*t - 761*t - 41544017. Is t a prime number?
False
Suppose -111*b - 3*j = -110*b - 109615, 0 = 5*b - 2*j - 547939. Is b prime?
False
Suppose -4*l = 3*l - 56007. Let u = l + -5696. Is u a prime number?
False
Suppose 6*h - 8*h = 4*m - 6456, 16119 = 5*h + 3*m. Is h/24*138 + 2/4 a prime number?
False
Is (-2 - (1 - 16)) + 31886152/34 prime?
True
Suppose -6*k = -3*k + 5*a - 178798, -6*k = -a - 357640. Is k a composite number?
True
Let m = 0 + 21. Suppose -15*i + m*i = 4854. Is i a prime number?
True
Let r = 6 - -17. Let u = r + -20. Is (2225/u - 4/6) + 2 a prime number?
True
Suppose 29*a + 56 = 30*a. Is ((-14)/(a/12))/((-6)/3386) a composite number?
False
Suppose 0 = 59*y - 17*y - 6911898. Is y prime?
True
Let n(y) = -y**2 + 5*y - 12. Let b be n(9). Let w = -36 - b. Suppose w*p + 11056 = 20*p. Is p prime?
False
Suppose -3885 + 607 = g - 2*s, -3*s - 9870 = 3*g. Let x = -707 - g. Is x prime?
True
Let y = 446 - 441. Let p(k) = 1304*k**2 + 12*k - 15. Is p(y) a prime number?
False
Let w(g) = -270*g**3 + 6*g**2 - 5*g - 4. Let k = -272 - -269. Is w(k) a prime number?
False
Let j = 298 + -318. Is (-11)/((-132)/j)*-8637*1 a prime number?
False
Is 269522 - ((-44)/(-11) + 1 + 4) composite?
False
Let x = 282629 + 501536. Is x a composite number?
True
Suppose -18*z + 16*z = 5928. Let q be (2/5 + z/(-30))*5. Let j = -45 + q. Is j a prime number?
False
Let s(t) = -t**3 - 9*t**2 + 2. Let o be s(-9). Suppose -1325 = -v + j + j, -o*j - 5282 = -4*v. Is v a composite number?
False
Let u(s) = 100*s**2 + 59*s - 305. Is u(-26) prime?
True
Suppose 21*g - 71*g = -14105385 - 7239165. Is g a composite number?
True
Let h(i) = 6*i**2 - 3*i + 9. Let k be h(2). Suppose 17*d = -k*d + 288068. Is d a composite number?
False
Suppose 136769 = s + 2*a, 73*s - 76*s - 5*a = -410301. Is s composite?
True
Let k be (9 - (2 - 1)) + -4. Suppose -f + 1089 = n, -5*f - n = -37 - 5396. Suppose k*y - 15110 = f. Is y prime?
True
Suppose -128*m + 130*m = 64. Suppose 3390 = 5*t + 5*v, 37*t - 3396 = m*t - 3*v. Is t a prime number?
False
Let y = 11745 + -2323. Let o = y + -6591. Suppose -6*x = -43 - o. Is x prime?
True
Let z(o) be the first derivative of o**4/6 + 7*o**3/3 + o**2/2 - 16*o - 12. Let y(r) be the first derivative of z(r). Is y(-11) composite?
False
Suppose 3592460 = 475*i - 455*i. Is i a prime number?
True
Suppose -a = 3*a + 120. Let k be (6*(-1)/a)/(2/10). Is 3165/10*(k - -1) a prime number?
False
Let v(t) be the second derivative of t**4/12 - t**3/2 - 3*t**2 + 25*t. Let k be v(5). Suppose k*u + 51 = 5*u. Is u a prime number?
False
Let i(v) be the first derivative of -112*v**2 - v - 8. Let y be i(-4). Suppose -4*n - y = -9*n. Is n a composite number?
False
Let a(x) be the third derivative of -x**4/3 - x**3/2 - 2*x**2. Let y be a(-1). Suppose -83 = -q - 5*w, -5*q + y*w - 38 = -453. Is q a composite number?
False
Let l be (102/(-170))/((-3)/720). Is (-1)/(-2) - 8/(l/(-304569)) a prime number?
True
Let j = 77 + -74. Suppose 8953 + 1214 = j*k. Is k prime?
True
Let d(p) = 3*p + 24. Let s = -43 - -31. Let r be d(s). Is -2*(-3)/(r/(-11674)) a composite number?
True
Let m(w) = -7*w - 51. Let s be m(-8). Suppose -s*x - 5*q + 1936 + 1719 = 0, x + 3*q - 733 = 0. Suppose 2*o + x - 4820 = 0. Is o a prime number?
False
Suppose 4*u - 33 = -5*i + 42, -4 = 4*i. Let q(w) = 40*w - 39. Is q(u) a composite number?
False
Let c = -266094 + 437667. Is c a prime number?
False
Let t = 622 - 624. Is t - 6833/(-2) - (-13)/26 composite?
True
Let t(k) = -k**3 - 6*k**2 - 3*k + 12. Let w be t(-5). Suppose h + w*h = 1566. Suppose -2*n + h + 136 = 0. Is n a composite number?
True
Suppose 5*h + 2*v - 34125 = 0, 3*h - 23565 = v - 3101. Is h composite?
False
Let j be (-30572)/(-20) + (-36)/60. Suppose 7*c - 17537 + j = 0. Is c prime?
True
Let q be (-1010)/5 + (2 + -2)/2. Let o = -113 - q. Let s = o + 282. Is s a composite number?
True
Let s = 3611 - -8662. Is s composite?
True
Let n(m) = 18724*m**3 - 8*m**2 - 6*m + 23. Is n(3) composite?
False
Let s(o) = o - 30. Let k be s(10). Let f = 25 + k. Suppose f*q - 4*a + a = 1993, -5*a = 3*q - 1223. Is q prime?
True
Let p be ((-8)/(-6))/((-2)/(-3)). Suppose 5*a = 20, 0 = p*r - 3*r - 3*a + 254. Suppose r + 85 = 3*y. Is y a composite number?
False
Let j = -9 + 53. Is 14732/j + (-6)/(-33) prime?
False
Let s be 6 - (30/6 + 1). Suppose 4*x + 4*i - 2792 = s, -4*x - 5*i + 2538 + 251 = 0. Is x prime?
True
Suppose -2*q = -y - 393011, -5*q + 5*y + 457316 + 525214 = 0. Is q a prime number?
False
Is 0 + -15 + (-5590472)/(-92) prime?
False
Is -254013*((-16)/(-12))/(-4) a composite number?
True
Let u(n) = -n**3 + 28*n**2 + 30*n - 43. Let v be u(29). Let l(x) = -88